789.
20789
What are the prime factors of 4120?
2, 5, 103
List the prime factors of 157.
157
List the prime factors of 8742.
2, 3, 31, 47
What are the prime factors of 6253?
13, 37
List the prime factors of 19705.
5, 7, 563
List the prime factors of 430.
2, 5, 43
List the prime factors of 55145.
5, 41, 269
What are the prime factors of 2659?
2659
What are the prime factors of 262?
2, 131
List the prime factors of 415.
5, 83
What are the prime factors of 457?
457
List the prime factors of 27784.
2, 23, 151
What are the prime factors of 16649?
16649
List the prime factors of 1065.
3, 5, 71
What are the prime factors of 11185?
5, 2237
List the prime factors of 642.
2, 3, 107
List the prime factors of 131553.
3, 47, 311
What are the prime factors of 3050?
2, 5, 61
What are the prime factors of 7963?
7963
What are the prime factors of 2102?
2, 1051
List the prime factors of 52964.
2, 13241
What are the prime factors of 1724?
2, 431
What are the prime factors of 73605?
3, 5, 7, 701
List the prime factors of 1072.
2, 67
What are the prime factors of 124758?
2, 3, 29, 239
List the prime factors of 11215.
5, 2243
List the prime factors of 29306.
2, 14653
What are the prime factors of 134759?
17, 7927
List the prime factors of 554.
2, 277
List the prime factors of 152579.
7, 71, 307
What are the prime factors of 6852?
2, 3, 571
What are the prime factors of 10388?
2, 7, 53
What are the prime factors of 2033?
19, 107
What are the prime factors of 2736?
2, 3, 19
List the prime factors of 642.
2, 3, 107
What are the prime factors of 116360?
2, 5, 2909
What are the prime factors of 1868?
2, 467
What are the prime factors of 504?
2, 3, 7
What are the prime factors of 16800?
2, 3, 5, 7
What are the prime factors of 608?
2, 19
What are the prime factors of 11362?
2, 13, 19, 23
What are the prime factors of 776?
2, 97
What are the prime factors of 7725?
3, 5, 103
What are the prime factors of 972?
2, 3
List the prime factors of 997.
997
What are the prime factors of 477?
3, 53
What are the prime factors of 30157?
53, 569
What are the prime factors of 11018?
2, 7, 787
What are the prime factors of 65840?
2, 5, 823
List the prime factors of 8902.
2, 4451
List the prime factors of 945.
3, 5, 7
What are the prime factors of 12962?
2, 6481
What are the prime factors of 314?
2, 157
What are the prime factors of 5593?
7, 17, 47
List the prime factors of 168.
2, 3, 7
List the prime factors of 14395.
5, 2879
What are the prime factors of 982?
2, 491
What are the prime factors of 3477?
3, 19, 61
What are the prime factors of 2873?
13, 17
What are the prime factors of 12075?
3, 5, 7, 23
What are the prime factors of 136098?
2, 3, 7561
What are the prime factors of 17439?
3, 5813
List the prime factors of 3034.
2, 37, 41
List the prime factors of 4825.
5, 193
What are the prime factors of 55398?
2, 3, 7, 1319
List the prime factors of 1451.
1451
List the prime factors of 1846.
2, 13, 71
List the prime factors of 1750.
2, 5, 7
What are the prime factors of 35295?
3, 5, 13, 181
List the prime factors of 3754.
2, 1877
List the prime factors of 140366.
2, 70183
What are the prime factors of 177161?
29, 41, 149
List the prime factors of 3648.
2, 3, 19
What are the prime factors of 4715?
5, 23, 41
What are the prime factors of 6662?
2, 3331
What are the prime factors of 69237?
3, 7, 157
List the prime factors of 1005.
3, 5, 67
List the prime factors of 73683.
3, 2729
What are the prime factors of 676?
2, 13
List the prime factors of 1015.
5, 7, 29
What are the prime factors of 3780?
2, 3, 5, 7
List the prime factors of 1689.
3, 563
What are the prime factors of 9212?
2, 7, 47
List the prime factors of 1083.
3, 19
List the prime factors of 21507.
3, 67, 107
List the prime factors of 581.
7, 83
List the prime factors of 4237.
19, 223
List the prime factors of 4411.
11, 401
What are the prime factors of 2839?
17, 167
What are the prime factors of 1703?
13, 131
What are the prime factors of 1236?
2, 3, 103
What are the prime factors of 63604?
2, 15901
What are the prime factors of 129?
3, 43
What are the prime factors of 10465?
5, 7, 13, 23
What are the prime factors of 886?
2, 443
What are the prime factors of 15837?
3, 5279
List the prime factors of 90.
2, 3, 5
What are the prime factors of 20739?
3, 31, 223
What are the prime factors of 1531?
1531
What are the prime factors of 595?
5, 7, 17
What are the prime factors of 55968?
2, 3, 11, 53
List the prime factors of 7322.
2, 7, 523
What are the prime factors of 7755?
3, 5, 11, 47
What are the prime factors of 42918?
2, 3, 23, 311
List the prime factors of 27283.
27283
What are the prime factors of 18323?
73, 251
List the prime factors of 52673.
52673
List the prime factors of 330.
2, 3, 5, 11
What are the prime factors of 128822?
2, 41, 1571
List the prime factors of 654.
2, 3, 109
List the prime factors of 174.
2, 3, 29
What are the prime factors of 6683?
41, 163
What are the prime factors of 938?
2, 7, 67
List the prime factors of 207.
3, 23
List the prime factors of 44070.
2, 3, 5, 13, 113
What are the prime factors of 23246?
2, 59, 197
List the prime factors of 130.
2, 5, 13
List the prime factors of 277.
277
What are the prime factors of 3820?
2, 5, 191
What are the prime factors of 2238?
2, 3, 373
List the prime factors of 3938.
2, 11, 179
List the prime factors of 355.
5, 71
What are the prime factors of 8070?
2, 3, 5, 269
What are the prime factors of 3330?
2, 3, 5, 37
What are the prime factors of 4952?
2, 619
List the prime factors of 438.
2, 3, 73
List the prime factors of 7229.
7229
List the prime factors of 7202.
2, 13, 277
What are the prime factors of 6372?
2, 3, 59
What are the prime factors of 2154?
2, 3, 359
What are the prime factors of 18690?
2, 3, 5, 7, 89
List the prime factors of 60181.
11, 5471
What are the prime factors of 4652?
2, 1163
List the prime factors of 7487.
7487
What are the prime factors of 88608?
2, 3, 13, 71
What are the prime factors of 3001?
3001
What are the prime factors of 7564?
2, 31, 61
List the prime factors of 67829.
67829
What are the prime factors of 69496?
2, 7, 17, 73
What are the prime factors of 4746?
2, 3, 7, 113
List the prime factors of 3137.
3137
What are the prime factors of 5734?
2, 47, 61
What are the prime factors of 13729?
13729
List the prime factors of 46789.
71, 659
List the prime factors of 4695.
3, 5, 313
What are the prime factors of 65170?
2, 5, 7, 19
What are the prime factors of 48512?
2, 379
List the prime factors of 3230.
2, 5, 17, 19
List the prime factors of 30926.
2, 7, 47
What are the prime factors of 817?
19, 43
What are the prime factors of 1869?
3, 7, 89
What are the prime factors of 347?
347
What are the prime factors of 1464?
2, 3, 61
What are the prime factors of 41346?
2, 3, 2297
What are the prime factors of 5087?
5087
What are the prime factors of 3897?
3, 433
List the prime factors of 35450.
2, 5, 709
What are the prime factors of 53619?
3, 61, 293
What are the prime factors of 1529?
11, 139
What are the prime factors of 426?
2, 3, 71
What are the prime factors of 954?
2, 3, 53
List the prime factors of 19539.
3, 13, 167
List the prime factors of 13782.
2, 3, 2297
What are the prime factors of 44466?
2, 3, 7411
List the prime factors of 33345.
3, 5, 13, 19
List the prime factors of 1212.
2, 3, 101
What are the prime factors of 10255?
5, 7, 293
What are the prime factors of 56?
2, 7
List the prime factors of 25338.
2, 3, 41, 103
What are the prime factors of 1137?
3, 379
List the prime factors of 7046.
2, 13, 271
List the prime factors of 157046.
2, 17, 31, 149
List the prime factors of 1968.
2, 3, 41
List the prime factors of 474.
2, 3, 79
What are the prime factors of 81279?
3, 11, 821
List the prime factors of 18747.
3, 2083
What are the prime factors of 1264?
2, 79
List the prime factors of 18512.
2, 13, 89
What are the prime factors of 88269?
3, 29423
What are the prime factors of 622?
2, 311
What are the prime factors of 1674?
2, 3, 31
List the prime factors of 46662.
2, 3, 7, 11, 101
What are the prime factors of 1192?
2, 149
What are the prime factors of 82932?
2, 3, 6911
List the prime factors of 2777.
2777
List the prime factors of 167.
167
List the prime factors of 35538.
2, 3, 5923
List the prime factors of 14349.
3, 4783
What ar